
5
What is the highest common factor of 7488855 and 1620?
405
What is the greatest common factor of 14 and 262948273?
7
What is the highest common factor of 150927273 and 3321?
1107
Calculate the greatest common divisor of 17940 and 12740.
260
Calculate the greatest common factor of 5535 and 40506237.
1107
What is the greatest common divisor of 11920 and 107760?
80
Calculate the greatest common divisor of 7279622 and 266.
266
Calculate the highest common factor of 102013380 and 30.
30
What is the highest common divisor of 73 and 34256491?
73
What is the greatest common factor of 123 and 19453392?
3
Calculate the highest common divisor of 230 and 7247590.
10
Calculate the highest common factor of 36 and 25318053.
9
Calculate the highest common factor of 65574189 and 405.
9
What is the greatest common factor of 105469 and 530309?
247
Calculate the greatest common divisor of 13245363 and 243.
81
Calculate the highest common factor of 37401526 and 14.
2
What is the greatest common factor of 73 and 34652151?
73
What is the highest common divisor of 39 and 660543?
39
What is the highest common divisor of 9 and 69438051?
9
Calculate the highest common divisor of 41552 and 760921.
2597
Calculate the greatest common factor of 5536 and 59744.
32
Calculate the highest common factor of 1294 and 17813851.
647
Calculate the greatest common factor of 111 and 12410429.
37
Calculate the highest common divisor of 502127320 and 3760.
1880
What is the greatest common divisor of 18435720 and 130?
10
What is the greatest common factor of 23333932 and 582?
194
Calculate the highest common divisor of 213 and 54363.
3
What is the highest common divisor of 556136 and 111832?
56
What is the greatest common divisor of 2140 and 10168210?
1070
What is the greatest common factor of 36592 and 7376?
16
Calculate the greatest common factor of 242 and 30926390.
242
Calculate the highest common factor of 69338 and 34245476.
1874
Calculate the highest common divisor of 89065905 and 9510.
4755
What is the greatest common factor of 362697421 and 37?
37
Calculate the greatest common factor of 9504926 and 10524.
1754
What is the greatest common divisor of 735 and 131103?
21
Calculate the highest common factor of 260 and 193212188.
52
Calculate the highest common factor of 16680 and 251545520.
5560
What is the greatest common factor of 406 and 694463?
203
What is the greatest common divisor of 6885 and 28849?
17
Calculate the highest common factor of 64 and 592324.
4
What is the greatest common factor of 3344 and 1710874?
418
Calculate the highest common factor of 84738 and 11078.
58
What is the greatest common factor of 20410 and 26697850?
1570
Calculate the highest common factor of 1755 and 2461455.
135
What is the highest common divisor of 4048 and 288800?
16
Calculate the highest common divisor of 8175 and 732480.
1635
Calculate the highest common factor of 3270 and 5111664.
654
Calculate the greatest common factor of 1069116 and 92061.
159
What is the greatest common factor of 30135 and 779835?
735
Calculate the greatest common divisor of 897 and 65699201.
23
What is the highest common factor of 1120 and 81126752?
224
Calculate the highest common factor of 676 and 39849862.
338
Calculate the highest common factor of 1929 and 2595.
3
Calculate the highest common factor of 674442 and 144.
18
Calculate the highest common factor of 5825 and 44750.
25
What is the greatest common divisor of 1102477195 and 58?
29
What is the highest common divisor of 1827 and 893693?
29
Calculate the greatest common divisor of 308 and 3872473528.
308
What is the greatest common divisor of 235152 and 497?
71
What is the greatest common divisor of 220 and 124441940?
20
Calculate the greatest common divisor of 91 and 2825147.
13
What is the greatest common divisor of 4980 and 720220880?
1660
What is the highest common divisor of 15428 and 2791366?
1102
What is the greatest common factor of 539 and 20756792?
49
Calculate the greatest common divisor of 574358142 and 94.
94
What is the greatest common divisor of 287334 and 302045?
313
Calculate the greatest common divisor of 173713215 and 39.
39
Calculate the greatest common factor of 5340 and 172025430.
2670
What is the greatest common factor of 698914320 and 208?
208
Calculate the greatest common factor of 319 and 57226889.
29
What is the highest common divisor of 62861200 and 200?
200
What is the highest common factor of 1360 and 3980590?
10
What is the highest common factor of 5438368 and 34?
34
What is the greatest common factor of 1975 and 20531975?
25
What is the greatest common divisor of 1277274 and 408774?
1158
What is the greatest common factor of 13912416 and 5356?
412
Calculate the highest common divisor of 44 and 89406.
2
What is the greatest common divisor of 20 and 10527965?
5
Calculate the greatest common divisor of 956544 and 41568.
96
Calculate the highest common divisor of 6928840 and 129480.
3320
What is the highest common factor of 4007920 and 178976?
1904
Calculate the greatest common factor of 3376 and 20763877.
211
Calculate the highest common factor of 1563744 and 9282.
546
Calculate the greatest common factor of 1055522 and 1040.
26
Calculate the greatest common factor of 90613729 and 53.
53
What is the highest common factor of 972 and 50319468?
972
Calculate the greatest common factor of 42 and 10253348.
14
What is the greatest common factor of 46731472 and 656?
656
Calculate the highest common factor of 18 and 78960402.
18
What is the greatest common divisor of 1203957 and 915?
183
Calculate the greatest common factor of 65925 and 2325.
75
What is the greatest common divisor of 13948 and 217888?
44
What is the greatest common factor of 1740362 and 2964?
494
Calculate the highest common factor of 198204 and 360588.
2388
What is the greatest common factor of 152 and 110867128?
152
What is the greatest common factor of 63555 and 55689?
57
What is the greatest common divisor of 43278102 and 63?
63
What is the greatest common factor of 4056 and 28145208?
312
What is the greatest common divisor of 28364 and 31?
1
What is the greatest common factor of 40007 and 123233?
11
Calculate the greatest common divisor of 43978 and 44858.
22
Calculate the greatest common factor of 298423 and 3852.
107
What is the greatest common divisor of 1961 and 1724237?
37
Calculate the greatest common factor of 27801130 and 1225.
245
Calculate the greatest common divisor of 312175872 and 414.
414
What is the highest common divisor of 50 and 405900970?
10
Calculate the greatest common divisor of 952 and 213673.
17
Calculate the highest common divisor of 22 and 1989249130.
22
What is the highest common divisor of 101809 and 66760?
1669
What is the highest common factor of 54 and 14423508?
54
Calculate the greatest common factor of 17 and 5374476917.
17
What is the greatest common factor of 783 and 28386679?
29
What is the highest common factor of 988 and 2227788?
76
Calculate the highest common divisor of 236310600 and 57.
57
Calculate the highest common divisor of 70 and 9393706.
14
Calculate the greatest common factor of 65 and 42966235.
65
Calculate the greatest common factor of 1976 and 1152616.
152
What is the greatest common factor of 361 and 67764393?
361
What is the highest common factor of 152 and 48970980?
76
What is the greatest common factor of 43428 and 87228757?
3619
Calculate the greatest common divisor of 29683017 and 468.
117
What is the highest common divisor of 224 and 24439408?
112
What is the greatest common divisor of 126 and 111079458?
126
Calculate the highest common divisor of 139367349 and 198.
99
What is the highest common divisor of 136486528 and 1856?
1856
Calculate the highest common factor of 199696 and 6230.
14
What is the greatest common factor of 1188 and 68785200?
1188
Calculate the greatest common divisor of 27115 and 75820.
85
Calculate the greatest common factor of 21996304 and 2816.
176
What is the greatest common divisor of 4305 and 79296091?
287
What is the highest common factor of 2379 and 93422537?
793
What is the highest common factor of 1387152 and 1269?
27
What is the greatest common divisor of 3111933 and 1320?
33
Calculate the greatest common divisor of 1550 and 6728798.
62
What is the highest common factor o